{"version":"1.0","provider_name":"Landesverband der Wasser- und Bodenverb\u00e4nde","provider_url":"https:\/\/www.lwbv.de\/lwbv","author_name":"wigital","author_url":"https:\/\/www.lwbv.de\/lwbv\/author\/wigital\/","title":"Verbands-Info - Landesverband der Wasser- und Bodenverb\u00e4nde","type":"rich","width":600,"height":338,"html":"<blockquote class=\"wp-embedded-content\" data-secret=\"VqciGWHVkJ\"><a href=\"https:\/\/www.lwbv.de\/lwbv\/info\/verbands-info\/\">Verbands-Info<\/a><\/blockquote><iframe sandbox=\"allow-scripts\" security=\"restricted\" src=\"https:\/\/www.lwbv.de\/lwbv\/info\/verbands-info\/embed\/#?secret=VqciGWHVkJ\" width=\"600\" height=\"338\" title=\"&#8222;Verbands-Info&#8220; &#8211; Landesverband der Wasser- und Bodenverb\u00e4nde\" data-secret=\"VqciGWHVkJ\" frameborder=\"0\" marginwidth=\"0\" marginheight=\"0\" scrolling=\"no\" class=\"wp-embedded-content\"><\/iframe><script>\n\/*! This file is auto-generated *\/\n!function(d,l){\"use strict\";l.querySelector&&d.addEventListener&&\"undefined\"!=typeof URL&&(d.wp=d.wp||{},d.wp.receiveEmbedMessage||(d.wp.receiveEmbedMessage=function(e){var t=e.data;if((t||t.secret||t.message||t.value)&&!\/[^a-zA-Z0-9]\/.test(t.secret)){for(var s,r,n,a=l.querySelectorAll('iframe[data-secret=\"'+t.secret+'\"]'),o=l.querySelectorAll('blockquote[data-secret=\"'+t.secret+'\"]'),c=new RegExp(\"^https?:$\",\"i\"),i=0;i<o.length;i++)o[i].style.display=\"none\";for(i=0;i<a.length;i++)s=a[i],e.source===s.contentWindow&&(s.removeAttribute(\"style\"),\"height\"===t.message?(1e3<(r=parseInt(t.value,10))?r=1e3:~~r<200&&(r=200),s.height=r):\"link\"===t.message&&(r=new URL(s.getAttribute(\"src\")),n=new URL(t.value),c.test(n.protocol))&&n.host===r.host&&l.activeElement===s&&(d.top.location.href=t.value))}},d.addEventListener(\"message\",d.wp.receiveEmbedMessage,!1),l.addEventListener(\"DOMContentLoaded\",function(){for(var e,t,s=l.querySelectorAll(\"iframe.wp-embedded-content\"),r=0;r<s.length;r++)(t=(e=s[r]).getAttribute(\"data-secret\"))||(t=Math.random().toString(36).substring(2,12),e.src+=\"#?secret=\"+t,e.setAttribute(\"data-secret\",t)),e.contentWindow.postMessage({message:\"ready\",secret:t},\"*\")},!1)))}(window,document);\n<\/script>\n","description":"[vc_row][vc_column][vc_column_text] Verbands-Info [\/vc_column_text][\/vc_column][\/vc_row][vc_row][vc_column][vc_accordion active_tab=&#8220;1&#8243; collapsible=&#8220;yes&#8220; style=&#8220;2&#8243;][vc_accordion_tab title=&#8220;Nummer 100 vom 05.02.2026&#8243;][vc_column_text] Inhalt [\/vc_column_text][vc_row_inner][vc_column_inner width=&#8220;1\/2&#8243;][vc_column_text css=&#8220;&#8220;]Vorwort der Gesch\u00e4ftsf\u00fchrung Gru\u00dfwort des Verbandsvorstehers Hans-Heinrich Gloy Erste Sitzung des neuen Verbandsausschusses Vorstandswahl des Landesverbandes Satzungs\u00e4nderung Erlass \u00fcber den Vollzug naturschutzrechtlicher Anforderungen an die Gew\u00e4sserunterhaltung EU-Verordnung zur Wiederherstellung der Natur Niederungskompetenznetzwerk \u201eNieKo\u201c Digitales Wassermanagement \/ Modernisierungskonzept Branchenbild 2025 ver\u00f6ffentlicht Schulungen f\u00fcr&hellip;"}

Landesverband der Wasser- und Bodenverbände

Verbands-Info - Landesverband der Wasser- und Bodenverbände

<blockquote class="wp-embedded-content" data-secret="VqciGWHVkJ"><a href="https://www.lwbv.de/lwbv/info/verbands-info/">Verbands-Info</a></blockquote><iframe sandbox="allow-scripts" security="restricted" src="https://www.lwbv.de/lwbv/info/verbands-info/embed/#?secret=VqciGWHVkJ" width="600" height="338" title="&#8222;Verbands-Info&#8220; &#8211; Landesverband der Wasser- und Bodenverbände" data-secret="VqciGWHVkJ" frameborder="0" marginwidth="0" marginheight="0" scrolling="no" class="wp-embedded-content"></iframe><script>
/*! This file is auto-generated */
!function(d,l){"use strict";l.querySelector&&d.addEventListener&&"undefined"!=typeof URL&&(d.wp=d.wp||{},d.wp.receiveEmbedMessage||(d.wp.receiveEmbedMessage=function(e){var t=e.data;if((t||t.secret||t.message||t.value)&&!/[^a-zA-Z0-9]/.test(t.secret)){for(var s,r,n,a=l.querySelectorAll('iframe[data-secret="'+t.secret+'"]'),o=l.querySelectorAll('blockquote[data-secret="'+t.secret+'"]'),c=new RegExp("^https?:$","i"),i=0;i<o.length;i++)o[i].style.display="none";for(i=0;i<a.length;i++)s=a[i],e.source===s.contentWindow&&(s.removeAttribute("style"),"height"===t.message?(1e3<(r=parseInt(t.value,10))?r=1e3:~~r<200&&(r=200),s.height=r):"link"===t.message&&(r=new URL(s.getAttribute("src")),n=new URL(t.value),c.test(n.protocol))&&n.host===r.host&&l.activeElement===s&&(d.top.location.href=t.value))}},d.addEventListener("message",d.wp.receiveEmbedMessage,!1),l.addEventListener("DOMContentLoaded",function(){for(var e,t,s=l.querySelectorAll("iframe.wp-embedded-content"),r=0;r<s.length;r++)(t=(e=s[r]).getAttribute("data-secret"))||(t=Math.random().toString(36).substring(2,12),e.src+="#?secret="+t,e.setAttribute("data-secret",t)),e.contentWindow.postMessage({message:"ready",secret:t},"*")},!1)))}(window,document);
</script>

[vc_row][vc_column][vc_column_text] Verbands-Info [/vc_column_text][/vc_column][/vc_row][vc_row][vc_column][vc_accordion active_tab=&#8220;1&#8243; collapsible=&#8220;yes&#8220; style=&#8220;2&#8243;][vc_accordion_tab title=&#8220;Nummer 100 vom 05.02.2026&#8243;][vc_column_text] Inhalt [/vc_column_text][vc_row_inner][vc_column_inner width=&#8220;1/2&#8243;][vc_column_text css=&#8220;&#8220;]Vorwort der Geschäftsführung Grußwort des Verbandsvorstehers Hans-Heinrich Gloy Erste Sitzung des neuen Verbandsausschusses Vorstandswahl des Landesverbandes Satzungsänderung Erlass über den Vollzug naturschutzrechtlicher Anforderungen an die Gewässerunterhaltung EU-Verordnung zur Wiederherstellung der Natur Niederungskompetenznetzwerk „NieKo“ Digitales Wassermanagement / Modernisierungskonzept Branchenbild 2025 veröffentlicht Schulungen für&hellip;
